s the hundreds digit of m?
1
Suppose 0*u - 2*u = 0. Suppose u = -4*j + 8*j - 32. What is the units digit of j?
8
Suppose 3*p + 3*c - 18 = 0, 5*p - 13 + 3 = 5*c. Let m = 3 + p. Let b(h) = -h + 10. What is the units digit of b(m)?
3
Let m(f) = f + 14. What is the tens digit of m(0)?
1
What is the units digit of 3 + (-4)/(-4) + 204?
8
Suppose 3*c - 24 + 9 = 0, -p - 2*c + 45 = 0. What is the units digit of p?
5
What is the units digit of (-1808)/(-96) + (-2)/(-12)?
9
Let o(h) = 6*h - 4. Let i(v) = -2*v - 9. Let j be i(-8). What is the units digit of o(j)?
8
Let p(d) = -2*d + 9. Suppose -3 = f + 3*z + 3, 3*f + 5*z = -10. What is the units digit of p(f)?
9
Suppose 4*a + 5*u - 2 + 10 = 0, u = 2*a + 18. Let s = 34 + a. What is the units digit of s?
7
What is the units digit of (-2)/(-8) - 14/(-8)?
2
Suppose -5*b + 30 - 11 = 2*o, 5*o - 5 = -4*b. Let c(m) = 7*m**3. Let p(t) = -15*t**3. Let w(n) = b*c(n) + 2*p(n). What is the units digit of w(1)?
5
Let n be (-2)/(-3)*(-2 + 5). Let m(z) = -z + 0*z + 3*z + 4 - 3. What is the units digit of m(n)?
5
Let t(o) = o**3 + 3*o**2 - 3*o - 2. Let g be t(-3). Let c(q) be the second derivative of q**3/2 - 7*q**2/2 - q. What is the units digit of c(g)?
4
Let q(t) = -t**3 - 3*t**2 + 3*t - 1. Let z be q(-3). Let m be (-2)/(-5) - z/(-25). Suppose m = -2*j - i + 12, -3*i - 4 = 5*j - 35. What is the units digit of j?
5
Let i be 4/6 - 5/3. Let x(d) = -25*d. Let m be x(i). Suppose -f - 4*f = -m. What is the units digit of f?
5
Suppose 0 = 3*d + 2*d - 335. What is the tens digit of d?
6
Let k(h) = -3*h**3 - h + 5*h**3 - h**3. Let j be k(2). Let v = j + -1. What is the units digit of v?
5
Let z(g) = -2*g**2 - 17*g + 17. Let n(l) = l**2 + 9*l - 8. Let d(r) = -5*n(r) - 3*z(r). Let u = -23 - -15. What is the units digit of d(u)?
5
Suppose k + z = 115 - 15, -2*z = -8. Suppose -u + 2*u + 4*p - 32 = 0, 5*u = -4*p + k. What is the tens digit of u?
1
Let c(r) = -15*r + 48. Let d(h) = h - 3. Let o(a) = -2*c(a) - 33*d(a). What is the tens digit of o(-5)?
1
Suppose 128 = 2*n - 2*b, 0 = 3*n - 2*b - 21 - 169. What is the tens digit of n?
6
Let p = -29 + 48. Suppose -p = -d - 6. What is the units digit of d?
3
Let h = -54 - -95. What is the units digit of h?
1
Let p(j) = -j**3 + j**2 + j + 1. Let v be p(2). Let o = v + 8. What is the units digit of o?
7
Suppose -52 = -3*q + 2*q. Suppose -13*m = -9*m - q. What is the units digit of m?
3
Let z(k) = k**3 - 3*k**2 + 8*k - 13. What is the tens digit of z(3)?
1
Let d be (3 + (-2)/(-2))*-2. Let o = 12 - d. What is the tens digit of o?
2
Suppose -4*f + 54 = 2*q, 0 = -3*f - 4*q + 2*q + 43. What is the tens digit of f?
1
Let q(o) = -o**3 + 4*o**2 - 2*o + 2. Let l be q(3). Suppose 0*t = -p + t + 7, p - l*t = -13. What is the tens digit of p?
1
Let y = 234 + -119. What is the hundreds digit of y?
1
Let q = -9 + 5. Let c(p) = 4 + 0 + 1 - p**3 + 2*p - 3*p**2. What is the tens digit of c(q)?
1
Let r(f) = -f + 1. Let w be r(1). Let p = 57 - 55. What is the tens digit of 1 - p - (-17 + w)?
1
Let o be 2 + (1 - (-14 + 1)). Let b = 24 - o. What is the units digit of b?
8
Suppose -v - 33 = -5*u + 2*u, -5*u = -4*v - 118. What is the units digit of (-438)/v + (-8)/36?
6
Suppose 66 - 186 = -4*u. What is the units digit of 2 + (-1 - (1 - u))?
0
Let x = 0 - 0. Suppose -5 = -z - x. Suppose -z*l = -0*l - 10. What is the units digit of l?
2
Suppose -3*l = c - 96, -5*l + c = -c - 171. What is the tens digit of l?
3
Let h = -21 - -36. Suppose a + o + h = -o, 3*a + 5*o + 45 = 0. Let u = 26 + a. What is the units digit of u?
1
Let q(n) = n**2 + 8*n - 5. Let l be q(-4). Let f be (-1)/3 + l/(-9). Suppose 2*x - 13 = 3*s, -5*x + f*s = -2*s - 22. What is the units digit of x?
2
What is the units digit of (-2)/(-3) + (-80)/(-15)?
6
Let p(t) = -t**3 - 19*t**2 - 10*t - 19. What is the tens digit of p(-19)?
7
Suppose -7*j = -2*j + 35. Let l = j - -11. Suppose -l*m + 93 = -3*u, -4*u - 3 + 12 = m. What is the units digit of m?
1
What is the tens digit of (-1)/3 - 2470/(-39)?
6
Let g = 3 + -1. Let u be (1/(-2))/((-2)/8). Suppose -s = -g*s + u. What is the units digit of s?
2
Let n(s) = 0*s - 3*s**3 + 14 - 3 - 25*s - 16*s**2. Let k(t) = -5*t**3 - 24*t**2 - 38*t + 16. Let m(q) = 5*k(q) - 8*n(q). What is the units digit of m(9)?
1
Suppose 0 = 3*t - 2*j - 534 - 221, -4*t + 988 = 2*j. What is the tens digit of t?
4
Suppose -i - 15 = -5*r + 10, 5*i - 31 = -r. What is the units digit of r?
6
Let a = 18 + -16. Suppose -3*z - a*y + 7 = -51, 3*z - 54 = -3*y. What is the units digit of z?
2
Suppose -35*f = -37*f + 732. What is the units digit of f?
6
Suppose 0 = 2*r + d + 1, 0*d = -d + 3. Let w be r/3 - (-6)/9. Suppose w - 4 = -h. What is the units digit of h?
4
Let x(t) = t**2 + 2*t. Let o be x(-5). Let m be 52/5 + (-6)/o. What is the units digit of (-8)/m*(-10)/4?
2
Let d be -47 + -1 + (-1 - -3). Let y = d - -66. What is the units digit of y?
0
Suppose -c = -0*c - 4. Suppose -i - 2*i - c = 2*u, 0 = 5*i + 5*u + 15. Suppose 4 = 5*d - 4*m - 30, 5*m - 7 = -i*d. What is the units digit of d?
6
Let q(y) = -y + 7. Let n(z) = z**2 + z. Let g(w) = -5*w**2 - 15*w + 4. Let c(j) = g(j) + 6*n(j). Let m be c(9). What is the units digit of q(m)?
3
Suppose 371 = -7*w + 1869. What is the units digit of w?
4
Suppose -5*k + 3*l - 9 = -55, 3*l + 38 = 4*k. Let f = 13 - k. Suppose f*g - 3*a + 5 = 0, -a + 1 = -g - 2. What is the units digit of g?
2
Let d(r) be the second derivative of 11*r**4/12 - r**3/6 - r**2/2 + 3*r. What is the units digit of d(-1)?
1
What is the hundreds digit of (-5526)/(-24) + 2/(-8)?
2
Let s(z) = 16*z - 1. What is the tens digit of s(3)?
4
What is the units digit of -20 - -23 - 1*-1?
4
Suppose -4*t + 82 = -310. What is the tens digit of t?
9
Suppose 0 = x + 4*m - 18, 3*m - 59 = -3*x + 31. What is the tens digit of x?
3
Let x(w) = 2*w + w + w. What is the units digit of x(8)?
2
Suppose 4*l = 0, -c - 3*l - 5 = l. Let y(n) = 3*n**2 + 6*n - 7. What is the tens digit of y(c)?
3
Let c(p) = -p**3 - 4*p**2 + 1. Let f be c(-2). Let r = f + 9. What is the units digit of r?
2
Let f(o) = 39*o**2 + 2*o + 2. What is the tens digit of f(-2)?
5
Let x = 70 + -50. What is the tens digit of x?
2
Let i = -9 + 17. What is the units digit of i?
8
Suppose 1223 - 191 = 5*f + 2*i, -2*f + 412 = i. What is the tens digit of f?
0
Let v(r) = r**2 - 5*r + 7. Suppose -2*f + 3 = -7. What is the units digit of v(f)?
7
Suppose 4*t + 12 = 0, a + 2 = -0*a - 2*t. What is the units digit of a?
4
Let q(m) = m - 8. Let j be q(8). Suppose 5*s - 3*s - 3*i - 13 = j, 75 = 5*s + i. What is the tens digit of s?
1
Let r(x) = -x**3 + 11*x**2 - 12*x + 7. Let v be r(10). Let u = v - -33. What is the tens digit of u?
2
Let k(l) = 0*l**2 + 6*l + 4*l**2 - l**3 + 2*l**2 - 6. Let q be k(7). Let b = 19 + q. What is the units digit of b?
6
Let p = 0 + 12. Suppose p = -2*a - 5*t - 7, a = 2*t + 13. Suppose -6*c + a*c + 46 = 5*b, -4*b - 15 = -5*c. What is the units digit of c?
7
Let x = -3 + 3. Suppose 0 = 3*y - x - 6. What is the units digit of y?
2
Suppose -78 = 4*c - 290. What is the tens digit of c?
5
Suppose -v = -7 + 1. Suppose v + 9 = 3*r. Let s = 4 + r. What is the units digit of s?
9
What is the units digit of 618*(30/(-18) - -2)?
6
Suppose -4*d + 122 = p, -5*d + 204 = -2*p + 45. What is the units digit of d?
1
Let i = -10 - -12. What is the tens digit of (1 - 2)/(i/(-46))?
2
Let g = -6 - -4. What is the units digit of 3 + g*3 - -22?
9
Let s(z) = -z**2 - 7*z + 6. Let f be s(7). Let l be 2/(-5) - f/5. What is the units digit of 3/(-12)*-2*l?
9
Let m(c) = 5*c**2 + c - 1. Let w(u) = 5*u**2 + u - 2. Let x(t) = 3*m(t) - 2*w(t). Let o be x(-2). Let v = o - 10. What is the units digit of v?
9
Suppose 2*a - 2*w - w = 8, -a + 4*w = -14. What is the units digit of ((-44)/(-5))/(a/(-10))?
4
Let x(c) = 15*c - 24. What is the tens digit of x(10)?
2
Let l be -6*(-1 - (-2 - 0)). Let m = -2 - l. Suppose 0*h = -h + m. What is the units digit of h?
4
Let g be 20/(-8)*(-4)/(-5). Let t(z) = -3*z - 3. Let w be t(g). Suppose -38 = -w*l - 4*s, 4*l + 0*s = 4*s + 60. What is the tens digit of l?
1
Let d(z) = 3*z**2 - 6. Let x be d(7). Let k be 2/(147/x + -1). Suppose -3*a - y + k = 0, -9 = -a - 2*y + 3*y. What is the units digit of a?
4
Let k(m) = m**3 + 10*m**2 + 11*m + 4. Let c be k(-9). What is the tens digit